{"id":1403,"date":"2025-08-04T14:28:54","date_gmt":"2025-08-04T17:28:54","guid":{"rendered":"https:\/\/muitodoce.com.br\/loja\/produto\/balao-joy-16-liso-c-12\/"},"modified":"2026-04-13T09:07:32","modified_gmt":"2026-04-13T12:07:32","slug":"balao-joy-16-liso-c-12","status":"publish","type":"product","link":"https:\/\/muitodoce.com.br\/loja\/produto\/balao-joy-16-liso-c-12\/","title":{"rendered":"Bal\u00e3o Liso 16 Polegadas \u2013 12 unidades \u2013 Bexiga de L\u00e1tex \u2013 Joy"},"content":{"rendered":"<p class=\"QN2lPu\">Os bal\u00f5es de l\u00e1tex Joy s\u00e3o ideais para decorar qualquer evento, sendo perfeitos para arcos, colunas, guirlandas e arranjos.\u00a0<strong>Caracter\u00edsticas do Produto:<\/strong><\/p>\n<ul>\n<li class=\"QN2lPu\"><strong>Bal\u00e3o:<\/strong> 16&#8243; polegadas (aproximadamente 40cm de di\u00e2metro);<\/li>\n<li class=\"QN2lPu\"><strong>Pacote<\/strong>: 12 unidades;<\/li>\n<li class=\"QN2lPu\"><strong>Tipo:<\/strong>\u00a0Liso;<\/li>\n<li class=\"QN2lPu\"><strong>Formato:<\/strong>\u00a0Redondo;<\/li>\n<li class=\"QN2lPu\"><strong>Uso:<\/strong>\u00a0Profissional;<\/li>\n<li class=\"QN2lPu\"><strong>Qualidade:<\/strong>\u00a0Superior, com cores vibrantes, \u00f3tima resist\u00eancia e longa dura\u00e7\u00e3o.<\/li>\n<\/ul>\n<p class=\"QN2lPu\">Os\u00a0<span style=\"color: #000000;\">Bal\u00f5es Joy<\/span>\u00a0s\u00e3o fabricados com l\u00e1tex natural\u00a0<span style=\"color: #008000;\">BIODEGRAD\u00c1VEL<\/span>\u00a0e as embalagens s\u00e3o feitas de material\u00a0<span style=\"color: #008000;\">100% recicl\u00e1vel!<\/span><\/p>\n<p><strong>Aten\u00e7\u00e3o:\u00a0<\/strong>A cor real do produto pode sofrer varia\u00e7\u00f5es de tonalidade em rela\u00e7\u00e3o \u00e0 foto, devido \u00e0 configura\u00e7\u00e3o da sua tela e \u00e0 ilumina\u00e7\u00e3o da imagem.<\/p>\n","protected":false},"excerpt":{"rendered":"<p>Os bal\u00f5es de l\u00e1tex da Joy s\u00e3o perfeitos para a decora\u00e7\u00e3o de qualquer evento &#8211; festas de anivers\u00e1rio, baile de debutantes, casamentos, eventos corporativos, entre outros. Pr\u00f3prios para a montagem de arcos, colunas, guirlandas, arranjos e tudo mais que a sua criatividade desejar!<\/p>\n<p>Possuem formato redondo, de uso profissional, com qualidade superior, cores vibrantes, \u00f3tima resist\u00eancia e durabilidade.<\/p>\n<p>Os bal\u00f5es Joy s\u00e3o fabricados com l\u00e1tex natural BIODEGRAD\u00c1VEL e as embalagens s\u00e3o de material 100% recicl\u00e1vel!<\/p>\n","protected":false},"featured_media":1399,"template":"","meta":{"_et_pb_use_builder":"off","_et_pb_old_content":"<p class=\"QN2lPu\"><strong>Caracter\u00edsticas do Produto:<\/strong><\/p>\r\n<p class=\"QN2lPu\"><strong>Bal\u00e3o:<\/strong> 16\" polegadas (aproximadamente 40cm de di\u00e2metro);<\/p>\r\n<p class=\"QN2lPu\"><strong>Pacote:<\/strong> 12 unidades;<\/p>\r\n<p class=\"QN2lPu\"><strong>Tipo<\/strong>: Liso;<\/p>\r\n<p class=\"QN2lPu\"><strong>Formato:<\/strong> Redondo;<\/p>\r\n<p class=\"QN2lPu\"><strong>Uso:<\/strong> Profissional;<\/p>\r\n<p class=\"QN2lPu\"><strong>Qualidade:<\/strong> Superior, com cores vibrantes e \u00f3tima resist\u00eancia;<\/p>\r\n<p class=\"QN2lPu\"><strong>Durabilidade<\/strong>: Longa dura\u00e7\u00e3o.<\/p>","_et_gb_content_width":""},"product_brand":[203],"product_cat":[23,113],"product_tag":[215,295,296,298],"class_list":{"0":"post-1403","1":"product","2":"type-product","3":"status-publish","4":"has-post-thumbnail","6":"product_brand-baloes-joy","7":"product_cat-baloes","8":"product_cat-latex","9":"product_tag-balao","10":"product_tag-bexiga","11":"product_tag-bola","12":"product_tag-latex","13":"pa_cor-amarelo","14":"pa_cor-ameixa","15":"pa_cor-azul-celeste","16":"pa_cor-azul-claro","17":"pa_cor-azul-cobalto","18":"pa_cor-azul-escuro","19":"pa_cor-azul-royal","20":"pa_cor-bege","21":"pa_cor-branco","22":"pa_cor-cinza","23":"pa_cor-cristal","24":"pa_cor-laranja","25":"pa_cor-lilas","26":"pa_cor-marfim","27":"pa_cor-marrom","28":"pa_cor-marsala","29":"pa_cor-mostarda","30":"pa_cor-preto","31":"pa_cor-rosa","32":"pa_cor-rosa-claro","33":"pa_cor-rosa-fucsia","34":"pa_cor-rose","35":"pa_cor-terracota","36":"pa_cor-verde-agua","37":"pa_cor-verde-bandeira","38":"pa_cor-verde-escuro","39":"pa_cor-verde-limao","40":"pa_cor-verde-menta","41":"pa_cor-verde-militar","42":"pa_cor-vermelho","43":"pa_cor-violeta","45":"first","46":"outofstock","47":"taxable","48":"shipping-taxable","49":"purchasable","50":"product-type-variable"},"yoast_head":"<!-- This site is optimized with the Yoast SEO plugin v27.4 - https:\/\/yoast.com\/product\/yoast-seo-wordpress\/ -->\n<title>Bal\u00e3o Liso 16 Polegadas \u2013 12 unidades \u2013 Bexiga de L\u00e1tex \u2013 Joy - Muito Doce<\/title>\n<meta name=\"robots\" content=\"index, follow, max-snippet:-1, max-image-preview:large, max-video-preview:-1\" \/>\n<link rel=\"canonical\" href=\"https:\/\/muitodoce.com.br\/loja\/produto\/balao-joy-16-liso-c-12\/\" \/>\n<meta property=\"og:locale\" content=\"pt_BR\" \/>\n<meta property=\"og:type\" content=\"article\" \/>\n<meta property=\"og:title\" content=\"Bal\u00e3o Liso 16 Polegadas \u2013 12 unidades \u2013 Bexiga de L\u00e1tex \u2013 Joy - Muito Doce\" \/>\n<meta property=\"og:description\" content=\"Os bal\u00f5es de l\u00e1tex da Joy s\u00e3o perfeitos para a decora\u00e7\u00e3o de qualquer evento - festas de anivers\u00e1rio, baile de debutantes, casamentos, eventos corporativos, entre outros. Pr\u00f3prios para a montagem de arcos, colunas, guirlandas, arranjos e tudo mais que a sua criatividade desejar!  Possuem formato redondo, de uso profissional, com qualidade superior, cores vibrantes, \u00f3tima resist\u00eancia e durabilidade.  Os bal\u00f5es Joy s\u00e3o fabricados com l\u00e1tex natural BIODEGRAD\u00c1VEL e as embalagens s\u00e3o de material 100% recicl\u00e1vel!\" \/>\n<meta property=\"og:url\" content=\"https:\/\/muitodoce.com.br\/loja\/produto\/balao-joy-16-liso-c-12\/\" \/>\n<meta property=\"og:site_name\" content=\"Muito Doce\" \/>\n<meta property=\"article:modified_time\" content=\"2026-04-13T12:07:32+00:00\" \/>\n<meta property=\"og:image\" content=\"https:\/\/muitodoce.com.br\/loja\/wp-content\/uploads\/2025\/08\/15328328201-capa-16-liso.jpg\" \/>\n\t<meta property=\"og:image:width\" content=\"1080\" \/>\n\t<meta property=\"og:image:height\" content=\"1080\" \/>\n\t<meta property=\"og:image:type\" content=\"image\/jpeg\" \/>\n<meta name=\"twitter:card\" content=\"summary_large_image\" \/>\n<meta name=\"twitter:label1\" content=\"Est. tempo de leitura\" \/>\n\t<meta name=\"twitter:data1\" content=\"1 minuto\" \/>\n<script type=\"application\/ld+json\" class=\"yoast-schema-graph\">{\"@context\":\"https:\\\/\\\/schema.org\",\"@graph\":[{\"@type\":\"WebPage\",\"@id\":\"https:\\\/\\\/muitodoce.com.br\\\/loja\\\/produto\\\/balao-joy-16-liso-c-12\\\/\",\"url\":\"https:\\\/\\\/muitodoce.com.br\\\/loja\\\/produto\\\/balao-joy-16-liso-c-12\\\/\",\"name\":\"Bal\u00e3o Liso 16 Polegadas \u2013 12 unidades \u2013 Bexiga de L\u00e1tex \u2013 Joy - Muito Doce\",\"isPartOf\":{\"@id\":\"https:\\\/\\\/muitodoce.com.br\\\/loja\\\/#website\"},\"primaryImageOfPage\":{\"@id\":\"https:\\\/\\\/muitodoce.com.br\\\/loja\\\/produto\\\/balao-joy-16-liso-c-12\\\/#primaryimage\"},\"image\":{\"@id\":\"https:\\\/\\\/muitodoce.com.br\\\/loja\\\/produto\\\/balao-joy-16-liso-c-12\\\/#primaryimage\"},\"thumbnailUrl\":\"https:\\\/\\\/muitodoce.com.br\\\/loja\\\/wp-content\\\/uploads\\\/2025\\\/08\\\/15328328201-capa-16-liso.jpg\",\"datePublished\":\"2025-08-04T17:28:54+00:00\",\"dateModified\":\"2026-04-13T12:07:32+00:00\",\"breadcrumb\":{\"@id\":\"https:\\\/\\\/muitodoce.com.br\\\/loja\\\/produto\\\/balao-joy-16-liso-c-12\\\/#breadcrumb\"},\"inLanguage\":\"pt-BR\",\"potentialAction\":[{\"@type\":\"ReadAction\",\"target\":[\"https:\\\/\\\/muitodoce.com.br\\\/loja\\\/produto\\\/balao-joy-16-liso-c-12\\\/\"]}]},{\"@type\":\"ImageObject\",\"inLanguage\":\"pt-BR\",\"@id\":\"https:\\\/\\\/muitodoce.com.br\\\/loja\\\/produto\\\/balao-joy-16-liso-c-12\\\/#primaryimage\",\"url\":\"https:\\\/\\\/muitodoce.com.br\\\/loja\\\/wp-content\\\/uploads\\\/2025\\\/08\\\/15328328201-capa-16-liso.jpg\",\"contentUrl\":\"https:\\\/\\\/muitodoce.com.br\\\/loja\\\/wp-content\\\/uploads\\\/2025\\\/08\\\/15328328201-capa-16-liso.jpg\",\"width\":1080,\"height\":1080},{\"@type\":\"BreadcrumbList\",\"@id\":\"https:\\\/\\\/muitodoce.com.br\\\/loja\\\/produto\\\/balao-joy-16-liso-c-12\\\/#breadcrumb\",\"itemListElement\":[{\"@type\":\"ListItem\",\"position\":1,\"name\":\"In\u00edcio\",\"item\":\"https:\\\/\\\/muitodoce.com.br\\\/loja\\\/\"},{\"@type\":\"ListItem\",\"position\":2,\"name\":\"Loja\",\"item\":\"https:\\\/\\\/muitodoce.com.br\\\/loja\\\/loja\\\/\"},{\"@type\":\"ListItem\",\"position\":3,\"name\":\"Bal\u00e3o Liso 16 Polegadas \u2013 12 unidades \u2013 Bexiga de L\u00e1tex \u2013 Joy\"}]},{\"@type\":\"WebSite\",\"@id\":\"https:\\\/\\\/muitodoce.com.br\\\/loja\\\/#website\",\"url\":\"https:\\\/\\\/muitodoce.com.br\\\/loja\\\/\",\"name\":\"Muito Doce\",\"description\":\"Doces e Artigos para Festas\",\"potentialAction\":[{\"@type\":\"SearchAction\",\"target\":{\"@type\":\"EntryPoint\",\"urlTemplate\":\"https:\\\/\\\/muitodoce.com.br\\\/loja\\\/?s={search_term_string}\"},\"query-input\":{\"@type\":\"PropertyValueSpecification\",\"valueRequired\":true,\"valueName\":\"search_term_string\"}}],\"inLanguage\":\"pt-BR\"}]}<\/script>\n<!-- \/ Yoast SEO plugin. -->","yoast_head_json":{"title":"Bal\u00e3o Liso 16 Polegadas \u2013 12 unidades \u2013 Bexiga de L\u00e1tex \u2013 Joy - Muito Doce","robots":{"index":"index","follow":"follow","max-snippet":"max-snippet:-1","max-image-preview":"max-image-preview:large","max-video-preview":"max-video-preview:-1"},"canonical":"https:\/\/muitodoce.com.br\/loja\/produto\/balao-joy-16-liso-c-12\/","og_locale":"pt_BR","og_type":"article","og_title":"Bal\u00e3o Liso 16 Polegadas \u2013 12 unidades \u2013 Bexiga de L\u00e1tex \u2013 Joy - Muito Doce","og_description":"Os bal\u00f5es de l\u00e1tex da Joy s\u00e3o perfeitos para a decora\u00e7\u00e3o de qualquer evento - festas de anivers\u00e1rio, baile de debutantes, casamentos, eventos corporativos, entre outros. Pr\u00f3prios para a montagem de arcos, colunas, guirlandas, arranjos e tudo mais que a sua criatividade desejar!  Possuem formato redondo, de uso profissional, com qualidade superior, cores vibrantes, \u00f3tima resist\u00eancia e durabilidade.  Os bal\u00f5es Joy s\u00e3o fabricados com l\u00e1tex natural BIODEGRAD\u00c1VEL e as embalagens s\u00e3o de material 100% recicl\u00e1vel!","og_url":"https:\/\/muitodoce.com.br\/loja\/produto\/balao-joy-16-liso-c-12\/","og_site_name":"Muito Doce","article_modified_time":"2026-04-13T12:07:32+00:00","og_image":[{"width":1080,"height":1080,"url":"https:\/\/muitodoce.com.br\/loja\/wp-content\/uploads\/2025\/08\/15328328201-capa-16-liso.jpg","type":"image\/jpeg"}],"twitter_card":"summary_large_image","twitter_misc":{"Est. tempo de leitura":"1 minuto"},"schema":{"@context":"https:\/\/schema.org","@graph":[{"@type":"WebPage","@id":"https:\/\/muitodoce.com.br\/loja\/produto\/balao-joy-16-liso-c-12\/","url":"https:\/\/muitodoce.com.br\/loja\/produto\/balao-joy-16-liso-c-12\/","name":"Bal\u00e3o Liso 16 Polegadas \u2013 12 unidades \u2013 Bexiga de L\u00e1tex \u2013 Joy - Muito Doce","isPartOf":{"@id":"https:\/\/muitodoce.com.br\/loja\/#website"},"primaryImageOfPage":{"@id":"https:\/\/muitodoce.com.br\/loja\/produto\/balao-joy-16-liso-c-12\/#primaryimage"},"image":{"@id":"https:\/\/muitodoce.com.br\/loja\/produto\/balao-joy-16-liso-c-12\/#primaryimage"},"thumbnailUrl":"https:\/\/muitodoce.com.br\/loja\/wp-content\/uploads\/2025\/08\/15328328201-capa-16-liso.jpg","datePublished":"2025-08-04T17:28:54+00:00","dateModified":"2026-04-13T12:07:32+00:00","breadcrumb":{"@id":"https:\/\/muitodoce.com.br\/loja\/produto\/balao-joy-16-liso-c-12\/#breadcrumb"},"inLanguage":"pt-BR","potentialAction":[{"@type":"ReadAction","target":["https:\/\/muitodoce.com.br\/loja\/produto\/balao-joy-16-liso-c-12\/"]}]},{"@type":"ImageObject","inLanguage":"pt-BR","@id":"https:\/\/muitodoce.com.br\/loja\/produto\/balao-joy-16-liso-c-12\/#primaryimage","url":"https:\/\/muitodoce.com.br\/loja\/wp-content\/uploads\/2025\/08\/15328328201-capa-16-liso.jpg","contentUrl":"https:\/\/muitodoce.com.br\/loja\/wp-content\/uploads\/2025\/08\/15328328201-capa-16-liso.jpg","width":1080,"height":1080},{"@type":"BreadcrumbList","@id":"https:\/\/muitodoce.com.br\/loja\/produto\/balao-joy-16-liso-c-12\/#breadcrumb","itemListElement":[{"@type":"ListItem","position":1,"name":"In\u00edcio","item":"https:\/\/muitodoce.com.br\/loja\/"},{"@type":"ListItem","position":2,"name":"Loja","item":"https:\/\/muitodoce.com.br\/loja\/loja\/"},{"@type":"ListItem","position":3,"name":"Bal\u00e3o Liso 16 Polegadas \u2013 12 unidades \u2013 Bexiga de L\u00e1tex \u2013 Joy"}]},{"@type":"WebSite","@id":"https:\/\/muitodoce.com.br\/loja\/#website","url":"https:\/\/muitodoce.com.br\/loja\/","name":"Muito Doce","description":"Doces e Artigos para Festas","potentialAction":[{"@type":"SearchAction","target":{"@type":"EntryPoint","urlTemplate":"https:\/\/muitodoce.com.br\/loja\/?s={search_term_string}"},"query-input":{"@type":"PropertyValueSpecification","valueRequired":true,"valueName":"search_term_string"}}],"inLanguage":"pt-BR"}]}},"_links":{"self":[{"href":"https:\/\/muitodoce.com.br\/loja\/wp-json\/wp\/v2\/product\/1403","targetHints":{"allow":["GET"]}}],"collection":[{"href":"https:\/\/muitodoce.com.br\/loja\/wp-json\/wp\/v2\/product"}],"about":[{"href":"https:\/\/muitodoce.com.br\/loja\/wp-json\/wp\/v2\/types\/product"}],"wp:featuredmedia":[{"embeddable":true,"href":"https:\/\/muitodoce.com.br\/loja\/wp-json\/wp\/v2\/media\/1399"}],"wp:attachment":[{"href":"https:\/\/muitodoce.com.br\/loja\/wp-json\/wp\/v2\/media?parent=1403"}],"wp:term":[{"taxonomy":"product_brand","embeddable":true,"href":"https:\/\/muitodoce.com.br\/loja\/wp-json\/wp\/v2\/product_brand?post=1403"},{"taxonomy":"product_cat","embeddable":true,"href":"https:\/\/muitodoce.com.br\/loja\/wp-json\/wp\/v2\/product_cat?post=1403"},{"taxonomy":"product_tag","embeddable":true,"href":"https:\/\/muitodoce.com.br\/loja\/wp-json\/wp\/v2\/product_tag?post=1403"}],"curies":[{"name":"wp","href":"https:\/\/api.w.org\/{rel}","templated":true}]}}