{"id":1951,"date":"2025-08-20T14:23:55","date_gmt":"2025-08-20T17:23:55","guid":{"rendered":"https:\/\/muitodoce.com.br\/loja\/produto\/balao-hday-palito-liso-c-30\/"},"modified":"2025-08-21T15:30:12","modified_gmt":"2025-08-21T18:30:12","slug":"balao-hday-palito-liso-c-30","status":"publish","type":"product","link":"https:\/\/muitodoce.com.br\/loja\/produto\/balao-hday-palito-liso-c-30\/","title":{"rendered":"Bal\u00e3o de L\u00e1tex 260 Polegadas &#8211; 30 unidades &#8211; Bexiga Palito\/Canudo &#8211; Happy Day"},"content":{"rendered":"<p>Os bal\u00f5es de l\u00e1tex Happy Day s\u00e3o ideais para decorar qualquer evento, sendo perfeitos para arcos, colunas, guirlandas e arranjos criativos. <strong>Caracter\u00edsticas do Produto:<\/strong><\/p>\n<div class=\"et_pb_all_tabs\">\n<div class=\"et_pb_tab clearfix et_pb_active_content et-pb-active-slide\">\n<div class=\"et_pb_tab_content\">\n<ul>\n<li class=\"QN2lPu\"><strong>Bal\u00e3o:<\/strong> 260&#8243; (aprox. 5cm de di\u00e2metro e 152cm de comprimento);<\/li>\n<li class=\"QN2lPu\"><strong>Pacote<\/strong>: 30 unidades;<\/li>\n<li class=\"QN2lPu\"><strong>Tipo<\/strong>: Liso;<\/li>\n<li class=\"QN2lPu\"><strong>Formato:<\/strong> Longo e cil\u00edndrico;<\/li>\n<li class=\"QN2lPu\"><strong>Qualidade:<\/strong> Alta, com cores vibrantes e \u00f3tima resist\u00eancia.<\/li>\n<\/ul>\n<p class=\"QN2lPu\">Os bal\u00f5es Happy Day s\u00e3o\u00a0<span style=\"color: #008000;\">biodegrad\u00e1veis<\/span>\u00a0e as embalagens s\u00e3o de material\u00a0<span style=\"color: #008000;\">100% recicl\u00e1vel<\/span>!<\/p>\n<p class=\"QN2lPu\"><strong>Aten\u00e7\u00e3o:\u00a0<\/strong>A cor real do produto pode sofrer varia\u00e7\u00f5es de tonalidade em rela\u00e7\u00e3o \u00e0 foto, devido \u00e0 configura\u00e7\u00e3o da sua tela e \u00e0 ilumina\u00e7\u00e3o da imagem.<\/p>\n<\/div>\n<\/div>\n<\/div>\n","protected":false},"excerpt":{"rendered":"<p>Os bal\u00f5es de l\u00e1tex Happy Day s\u00e3o ideais para decorar qualquer evento, sendo perfeitos para arcos, colunas, guirlandas e arranjos criativos. Caracter\u00edsticas do Produto: Bal\u00e3o: 260&#8243; (aprox. 5cm de di\u00e2metro e 152cm de comprimento); Pacote: 30 unidades; Tipo: Liso; Formato: Longo e cil\u00edndrico; Qualidade: Alta, com cores vibrantes e \u00f3tima resist\u00eancia. Os bal\u00f5es Happy Day [&hellip;]<\/p>\n","protected":false},"featured_media":2008,"template":"","meta":{"_et_pb_use_builder":"","_et_pb_old_content":"","_et_gb_content_width":""},"product_brand":[224],"product_cat":[23,113],"product_tag":[215,299,295,297,298],"class_list":{"0":"post-1951","1":"product","2":"type-product","3":"status-publish","4":"has-post-thumbnail","6":"product_brand-happy-day","7":"product_cat-baloes","8":"product_cat-latex","9":"product_tag-balao","10":"product_tag-baloes","11":"product_tag-bexiga","12":"product_tag-bexigas","13":"product_tag-latex","14":"pa_cor-amarelo","15":"pa_cor-azul","16":"pa_cor-azul-claro","17":"pa_cor-branco","18":"pa_cor-cristal","19":"pa_cor-laranja","20":"pa_cor-lilas","21":"pa_cor-marrom","22":"pa_cor-preto","23":"pa_cor-rosa","24":"pa_cor-sortido","25":"pa_cor-verde","26":"pa_cor-verde-citrus","27":"pa_cor-vermelho","29":"first","30":"outofstock","31":"taxable","32":"shipping-taxable","33":"purchasable","34":"product-type-variable"},"yoast_head":"<!-- This site is optimized with the Yoast SEO plugin v27.4 - https:\/\/yoast.com\/product\/yoast-seo-wordpress\/ -->\n<title>Bal\u00e3o de L\u00e1tex 260 Polegadas - 30 unidades - Bexiga Palito\/Canudo - Happy Day - Muito Doce<\/title>\n<meta name=\"robots\" content=\"index, follow, max-snippet:-1, max-image-preview:large, max-video-preview:-1\" \/>\n<link rel=\"canonical\" href=\"https:\/\/muitodoce.com.br\/loja\/produto\/balao-hday-palito-liso-c-30\/\" \/>\n<meta property=\"og:locale\" content=\"pt_BR\" \/>\n<meta property=\"og:type\" content=\"article\" \/>\n<meta property=\"og:title\" content=\"Bal\u00e3o de L\u00e1tex 260 Polegadas - 30 unidades - Bexiga Palito\/Canudo - Happy Day - Muito Doce\" \/>\n<meta property=\"og:description\" content=\"Os bal\u00f5es de l\u00e1tex Happy Day s\u00e3o ideais para decorar qualquer evento, sendo perfeitos para arcos, colunas, guirlandas e arranjos criativos. Caracter\u00edsticas do Produto: Bal\u00e3o: 260&#8243; (aprox. 5cm de di\u00e2metro e 152cm de comprimento); Pacote: 30 unidades; Tipo: Liso; Formato: Longo e cil\u00edndrico; Qualidade: Alta, com cores vibrantes e \u00f3tima resist\u00eancia. Os bal\u00f5es Happy Day [&hellip;]\" \/>\n<meta property=\"og:url\" content=\"https:\/\/muitodoce.com.br\/loja\/produto\/balao-hday-palito-liso-c-30\/\" \/>\n<meta property=\"og:site_name\" content=\"Muito Doce\" \/>\n<meta property=\"article:modified_time\" content=\"2025-08-21T18:30:12+00:00\" \/>\n<meta property=\"og:image\" content=\"https:\/\/muitodoce.com.br\/loja\/wp-content\/uploads\/2025\/08\/CAPA-PALITO-260.jpg\" \/>\n\t<meta property=\"og:image:width\" content=\"1024\" \/>\n\t<meta property=\"og:image:height\" content=\"1024\" \/>\n\t<meta property=\"og:image:type\" content=\"image\/jpeg\" \/>\n<meta name=\"twitter:card\" content=\"summary_large_image\" \/>\n<meta name=\"twitter:label1\" content=\"Est. tempo de leitura\" \/>\n\t<meta name=\"twitter:data1\" content=\"1 minuto\" \/>\n<script type=\"application\/ld+json\" class=\"yoast-schema-graph\">{\"@context\":\"https:\\\/\\\/schema.org\",\"@graph\":[{\"@type\":\"WebPage\",\"@id\":\"https:\\\/\\\/muitodoce.com.br\\\/loja\\\/produto\\\/balao-hday-palito-liso-c-30\\\/\",\"url\":\"https:\\\/\\\/muitodoce.com.br\\\/loja\\\/produto\\\/balao-hday-palito-liso-c-30\\\/\",\"name\":\"Bal\u00e3o de L\u00e1tex 260 Polegadas - 30 unidades - Bexiga Palito\\\/Canudo - Happy Day - Muito Doce\",\"isPartOf\":{\"@id\":\"https:\\\/\\\/muitodoce.com.br\\\/loja\\\/#website\"},\"primaryImageOfPage\":{\"@id\":\"https:\\\/\\\/muitodoce.com.br\\\/loja\\\/produto\\\/balao-hday-palito-liso-c-30\\\/#primaryimage\"},\"image\":{\"@id\":\"https:\\\/\\\/muitodoce.com.br\\\/loja\\\/produto\\\/balao-hday-palito-liso-c-30\\\/#primaryimage\"},\"thumbnailUrl\":\"https:\\\/\\\/muitodoce.com.br\\\/loja\\\/wp-content\\\/uploads\\\/2025\\\/08\\\/CAPA-PALITO-260.jpg\",\"datePublished\":\"2025-08-20T17:23:55+00:00\",\"dateModified\":\"2025-08-21T18:30:12+00:00\",\"breadcrumb\":{\"@id\":\"https:\\\/\\\/muitodoce.com.br\\\/loja\\\/produto\\\/balao-hday-palito-liso-c-30\\\/#breadcrumb\"},\"inLanguage\":\"pt-BR\",\"potentialAction\":[{\"@type\":\"ReadAction\",\"target\":[\"https:\\\/\\\/muitodoce.com.br\\\/loja\\\/produto\\\/balao-hday-palito-liso-c-30\\\/\"]}]},{\"@type\":\"ImageObject\",\"inLanguage\":\"pt-BR\",\"@id\":\"https:\\\/\\\/muitodoce.com.br\\\/loja\\\/produto\\\/balao-hday-palito-liso-c-30\\\/#primaryimage\",\"url\":\"https:\\\/\\\/muitodoce.com.br\\\/loja\\\/wp-content\\\/uploads\\\/2025\\\/08\\\/CAPA-PALITO-260.jpg\",\"contentUrl\":\"https:\\\/\\\/muitodoce.com.br\\\/loja\\\/wp-content\\\/uploads\\\/2025\\\/08\\\/CAPA-PALITO-260.jpg\",\"width\":1024,\"height\":1024},{\"@type\":\"BreadcrumbList\",\"@id\":\"https:\\\/\\\/muitodoce.com.br\\\/loja\\\/produto\\\/balao-hday-palito-liso-c-30\\\/#breadcrumb\",\"itemListElement\":[{\"@type\":\"ListItem\",\"position\":1,\"name\":\"In\u00edcio\",\"item\":\"https:\\\/\\\/muitodoce.com.br\\\/loja\\\/\"},{\"@type\":\"ListItem\",\"position\":2,\"name\":\"Loja\",\"item\":\"https:\\\/\\\/muitodoce.com.br\\\/loja\\\/loja\\\/\"},{\"@type\":\"ListItem\",\"position\":3,\"name\":\"Bal\u00e3o de L\u00e1tex 260 Polegadas &#8211; 30 unidades &#8211; Bexiga Palito\\\/Canudo &#8211; Happy Day\"}]},{\"@type\":\"WebSite\",\"@id\":\"https:\\\/\\\/muitodoce.com.br\\\/loja\\\/#website\",\"url\":\"https:\\\/\\\/muitodoce.com.br\\\/loja\\\/\",\"name\":\"Muito Doce\",\"description\":\"Doces e Artigos para Festas\",\"potentialAction\":[{\"@type\":\"SearchAction\",\"target\":{\"@type\":\"EntryPoint\",\"urlTemplate\":\"https:\\\/\\\/muitodoce.com.br\\\/loja\\\/?s={search_term_string}\"},\"query-input\":{\"@type\":\"PropertyValueSpecification\",\"valueRequired\":true,\"valueName\":\"search_term_string\"}}],\"inLanguage\":\"pt-BR\"}]}<\/script>\n<!-- \/ Yoast SEO plugin. -->","yoast_head_json":{"title":"Bal\u00e3o de L\u00e1tex 260 Polegadas - 30 unidades - Bexiga Palito\/Canudo - Happy Day - Muito Doce","robots":{"index":"index","follow":"follow","max-snippet":"max-snippet:-1","max-image-preview":"max-image-preview:large","max-video-preview":"max-video-preview:-1"},"canonical":"https:\/\/muitodoce.com.br\/loja\/produto\/balao-hday-palito-liso-c-30\/","og_locale":"pt_BR","og_type":"article","og_title":"Bal\u00e3o de L\u00e1tex 260 Polegadas - 30 unidades - Bexiga Palito\/Canudo - Happy Day - Muito Doce","og_description":"Os bal\u00f5es de l\u00e1tex Happy Day s\u00e3o ideais para decorar qualquer evento, sendo perfeitos para arcos, colunas, guirlandas e arranjos criativos. Caracter\u00edsticas do Produto: Bal\u00e3o: 260&#8243; (aprox. 5cm de di\u00e2metro e 152cm de comprimento); Pacote: 30 unidades; Tipo: Liso; Formato: Longo e cil\u00edndrico; Qualidade: Alta, com cores vibrantes e \u00f3tima resist\u00eancia. Os bal\u00f5es Happy Day [&hellip;]","og_url":"https:\/\/muitodoce.com.br\/loja\/produto\/balao-hday-palito-liso-c-30\/","og_site_name":"Muito Doce","article_modified_time":"2025-08-21T18:30:12+00:00","og_image":[{"width":1024,"height":1024,"url":"https:\/\/muitodoce.com.br\/loja\/wp-content\/uploads\/2025\/08\/CAPA-PALITO-260.jpg","type":"image\/jpeg"}],"twitter_card":"summary_large_image","twitter_misc":{"Est. tempo de leitura":"1 minuto"},"schema":{"@context":"https:\/\/schema.org","@graph":[{"@type":"WebPage","@id":"https:\/\/muitodoce.com.br\/loja\/produto\/balao-hday-palito-liso-c-30\/","url":"https:\/\/muitodoce.com.br\/loja\/produto\/balao-hday-palito-liso-c-30\/","name":"Bal\u00e3o de L\u00e1tex 260 Polegadas - 30 unidades - Bexiga Palito\/Canudo - Happy Day - Muito Doce","isPartOf":{"@id":"https:\/\/muitodoce.com.br\/loja\/#website"},"primaryImageOfPage":{"@id":"https:\/\/muitodoce.com.br\/loja\/produto\/balao-hday-palito-liso-c-30\/#primaryimage"},"image":{"@id":"https:\/\/muitodoce.com.br\/loja\/produto\/balao-hday-palito-liso-c-30\/#primaryimage"},"thumbnailUrl":"https:\/\/muitodoce.com.br\/loja\/wp-content\/uploads\/2025\/08\/CAPA-PALITO-260.jpg","datePublished":"2025-08-20T17:23:55+00:00","dateModified":"2025-08-21T18:30:12+00:00","breadcrumb":{"@id":"https:\/\/muitodoce.com.br\/loja\/produto\/balao-hday-palito-liso-c-30\/#breadcrumb"},"inLanguage":"pt-BR","potentialAction":[{"@type":"ReadAction","target":["https:\/\/muitodoce.com.br\/loja\/produto\/balao-hday-palito-liso-c-30\/"]}]},{"@type":"ImageObject","inLanguage":"pt-BR","@id":"https:\/\/muitodoce.com.br\/loja\/produto\/balao-hday-palito-liso-c-30\/#primaryimage","url":"https:\/\/muitodoce.com.br\/loja\/wp-content\/uploads\/2025\/08\/CAPA-PALITO-260.jpg","contentUrl":"https:\/\/muitodoce.com.br\/loja\/wp-content\/uploads\/2025\/08\/CAPA-PALITO-260.jpg","width":1024,"height":1024},{"@type":"BreadcrumbList","@id":"https:\/\/muitodoce.com.br\/loja\/produto\/balao-hday-palito-liso-c-30\/#breadcrumb","itemListElement":[{"@type":"ListItem","position":1,"name":"In\u00edcio","item":"https:\/\/muitodoce.com.br\/loja\/"},{"@type":"ListItem","position":2,"name":"Loja","item":"https:\/\/muitodoce.com.br\/loja\/loja\/"},{"@type":"ListItem","position":3,"name":"Bal\u00e3o de L\u00e1tex 260 Polegadas &#8211; 30 unidades &#8211; Bexiga Palito\/Canudo &#8211; Happy Day"}]},{"@type":"WebSite","@id":"https:\/\/muitodoce.com.br\/loja\/#website","url":"https:\/\/muitodoce.com.br\/loja\/","name":"Muito Doce","description":"Doces e Artigos para Festas","potentialAction":[{"@type":"SearchAction","target":{"@type":"EntryPoint","urlTemplate":"https:\/\/muitodoce.com.br\/loja\/?s={search_term_string}"},"query-input":{"@type":"PropertyValueSpecification","valueRequired":true,"valueName":"search_term_string"}}],"inLanguage":"pt-BR"}]}},"_links":{"self":[{"href":"https:\/\/muitodoce.com.br\/loja\/wp-json\/wp\/v2\/product\/1951","targetHints":{"allow":["GET"]}}],"collection":[{"href":"https:\/\/muitodoce.com.br\/loja\/wp-json\/wp\/v2\/product"}],"about":[{"href":"https:\/\/muitodoce.com.br\/loja\/wp-json\/wp\/v2\/types\/product"}],"wp:featuredmedia":[{"embeddable":true,"href":"https:\/\/muitodoce.com.br\/loja\/wp-json\/wp\/v2\/media\/2008"}],"wp:attachment":[{"href":"https:\/\/muitodoce.com.br\/loja\/wp-json\/wp\/v2\/media?parent=1951"}],"wp:term":[{"taxonomy":"product_brand","embeddable":true,"href":"https:\/\/muitodoce.com.br\/loja\/wp-json\/wp\/v2\/product_brand?post=1951"},{"taxonomy":"product_cat","embeddable":true,"href":"https:\/\/muitodoce.com.br\/loja\/wp-json\/wp\/v2\/product_cat?post=1951"},{"taxonomy":"product_tag","embeddable":true,"href":"https:\/\/muitodoce.com.br\/loja\/wp-json\/wp\/v2\/product_tag?post=1951"}],"curies":[{"name":"wp","href":"https:\/\/api.w.org\/{rel}","templated":true}]}}