{"id":2131,"date":"2025-10-21T15:58:31","date_gmt":"2025-10-21T18:58:31","guid":{"rendered":"https:\/\/muitodoce.com.br\/loja\/produto\/cupcake-wrapper-moranguinho-baby-c-12\/"},"modified":"2026-02-09T22:23:13","modified_gmt":"2026-02-10T01:23:13","slug":"cupcake-wrapper-moranguinho-baby-c-12","status":"publish","type":"product","link":"https:\/\/muitodoce.com.br\/loja\/produto\/cupcake-wrapper-moranguinho-baby-c-12\/","title":{"rendered":"Cupcake Wrapper Moranguinho Baby &#8211; 12 Unidades &#8211; Saia\/Suporte Com Enfeite"},"content":{"rendered":"<p class=\"QN2lPu\">Leve um toque de fofura para a sua mesa de doces com o Porta Cupcake Moranguinho Baby. Conhecidas tamb\u00e9m como saias de cupcake ou cupcake wrappers, s\u00e3o a escolha perfeita para vestir seus bolinhos e outras guloseimas. Vem com enfeites tema moranguinho para usar com criatividade!<\/p>\n<p class=\"QN2lPu\"><strong>Caracter\u00edsticas do Produto:<\/strong><\/p>\n<ul>\n<li class=\"QN2lPu\"><strong>Composi\u00e7\u00e3o<\/strong>: Papel Cart\u00e3o de alta qualidade.<\/li>\n<li class=\"QN2lPu\"><strong>Cont\u00e9m<\/strong>: 12 unidades.<\/li>\n<li class=\"QN2lPu\"><strong>Design:<\/strong> Estampa exclusiva da Moranguinho Baby, perfeita para festas tem\u00e1ticas.<\/li>\n<li class=\"QN2lPu\"><strong>Validade<\/strong>: Indeterminada.<\/li>\n<\/ul>\n<p>Deixe a sua festa mais charmosa e cheia de personalidade. S\u00e3o a escolha certa para quem busca praticidade e um visual encantador!<\/p>\n","protected":false},"excerpt":{"rendered":"<p>Leve um toque de fofura para a sua mesa de doces com o Porta Cupcake Moranguinho Baby. Conhecidas tamb\u00e9m como saias de cupcake ou cupcake wrappers, s\u00e3o a escolha perfeita para vestir seus bolinhos e outras guloseimas. Vem com enfeites tema moranguinho para usar com criatividade! Caracter\u00edsticas do Produto: Composi\u00e7\u00e3o: Papel Cart\u00e3o de alta qualidade. [&hellip;]<\/p>\n","protected":false},"featured_media":2146,"template":"","meta":{"_et_pb_use_builder":"","_et_pb_old_content":"","_et_gb_content_width":""},"product_brand":[200],"product_cat":[309,27],"product_tag":[],"class_list":{"0":"post-2131","1":"product","2":"type-product","3":"status-publish","4":"has-post-thumbnail","6":"product_brand-regina","7":"product_cat-moranguinho-baby","8":"product_cat-temas-de-aniversario","10":"first","11":"outofstock","12":"taxable","13":"shipping-taxable","14":"purchasable","15":"product-type-simple"},"yoast_head":"<!-- This site is optimized with the Yoast SEO plugin v27.4 - https:\/\/yoast.com\/product\/yoast-seo-wordpress\/ -->\n<title>Cupcake Wrapper Moranguinho Baby - 12 Unidades - Saia\/Suporte Com Enfeite - Muito Doce<\/title>\n<meta name=\"robots\" content=\"index, follow, max-snippet:-1, max-image-preview:large, max-video-preview:-1\" \/>\n<link rel=\"canonical\" href=\"https:\/\/muitodoce.com.br\/loja\/produto\/cupcake-wrapper-moranguinho-baby-c-12\/\" \/>\n<meta property=\"og:locale\" content=\"pt_BR\" \/>\n<meta property=\"og:type\" content=\"article\" \/>\n<meta property=\"og:title\" content=\"Cupcake Wrapper Moranguinho Baby - 12 Unidades - Saia\/Suporte Com Enfeite - Muito Doce\" \/>\n<meta property=\"og:description\" content=\"Leve um toque de fofura para a sua mesa de doces com o Porta Cupcake Moranguinho Baby. Conhecidas tamb\u00e9m como saias de cupcake ou cupcake wrappers, s\u00e3o a escolha perfeita para vestir seus bolinhos e outras guloseimas. Vem com enfeites tema moranguinho para usar com criatividade! Caracter\u00edsticas do Produto: Composi\u00e7\u00e3o: Papel Cart\u00e3o de alta qualidade. [&hellip;]\" \/>\n<meta property=\"og:url\" content=\"https:\/\/muitodoce.com.br\/loja\/produto\/cupcake-wrapper-moranguinho-baby-c-12\/\" \/>\n<meta property=\"og:site_name\" content=\"Muito Doce\" \/>\n<meta property=\"article:modified_time\" content=\"2026-02-10T01:23:13+00:00\" \/>\n<meta property=\"og:image\" content=\"https:\/\/muitodoce.com.br\/loja\/wp-content\/uploads\/2025\/10\/IMAGENS-MORANGUINHO-BABY-11.jpg\" \/>\n\t<meta property=\"og:image:width\" content=\"1024\" \/>\n\t<meta property=\"og:image:height\" content=\"1024\" \/>\n\t<meta property=\"og:image:type\" content=\"image\/jpeg\" \/>\n<meta name=\"twitter:card\" content=\"summary_large_image\" \/>\n<meta name=\"twitter:label1\" content=\"Est. tempo de leitura\" \/>\n\t<meta name=\"twitter:data1\" content=\"1 minuto\" \/>\n<script type=\"application\/ld+json\" class=\"yoast-schema-graph\">{\"@context\":\"https:\\\/\\\/schema.org\",\"@graph\":[{\"@type\":\"WebPage\",\"@id\":\"https:\\\/\\\/muitodoce.com.br\\\/loja\\\/produto\\\/cupcake-wrapper-moranguinho-baby-c-12\\\/\",\"url\":\"https:\\\/\\\/muitodoce.com.br\\\/loja\\\/produto\\\/cupcake-wrapper-moranguinho-baby-c-12\\\/\",\"name\":\"Cupcake Wrapper Moranguinho Baby - 12 Unidades - Saia\\\/Suporte Com Enfeite - Muito Doce\",\"isPartOf\":{\"@id\":\"https:\\\/\\\/muitodoce.com.br\\\/loja\\\/#website\"},\"primaryImageOfPage\":{\"@id\":\"https:\\\/\\\/muitodoce.com.br\\\/loja\\\/produto\\\/cupcake-wrapper-moranguinho-baby-c-12\\\/#primaryimage\"},\"image\":{\"@id\":\"https:\\\/\\\/muitodoce.com.br\\\/loja\\\/produto\\\/cupcake-wrapper-moranguinho-baby-c-12\\\/#primaryimage\"},\"thumbnailUrl\":\"https:\\\/\\\/muitodoce.com.br\\\/loja\\\/wp-content\\\/uploads\\\/2025\\\/10\\\/IMAGENS-MORANGUINHO-BABY-11.jpg\",\"datePublished\":\"2025-10-21T18:58:31+00:00\",\"dateModified\":\"2026-02-10T01:23:13+00:00\",\"breadcrumb\":{\"@id\":\"https:\\\/\\\/muitodoce.com.br\\\/loja\\\/produto\\\/cupcake-wrapper-moranguinho-baby-c-12\\\/#breadcrumb\"},\"inLanguage\":\"pt-BR\",\"potentialAction\":[{\"@type\":\"ReadAction\",\"target\":[\"https:\\\/\\\/muitodoce.com.br\\\/loja\\\/produto\\\/cupcake-wrapper-moranguinho-baby-c-12\\\/\"]}]},{\"@type\":\"ImageObject\",\"inLanguage\":\"pt-BR\",\"@id\":\"https:\\\/\\\/muitodoce.com.br\\\/loja\\\/produto\\\/cupcake-wrapper-moranguinho-baby-c-12\\\/#primaryimage\",\"url\":\"https:\\\/\\\/muitodoce.com.br\\\/loja\\\/wp-content\\\/uploads\\\/2025\\\/10\\\/IMAGENS-MORANGUINHO-BABY-11.jpg\",\"contentUrl\":\"https:\\\/\\\/muitodoce.com.br\\\/loja\\\/wp-content\\\/uploads\\\/2025\\\/10\\\/IMAGENS-MORANGUINHO-BABY-11.jpg\",\"width\":1024,\"height\":1024},{\"@type\":\"BreadcrumbList\",\"@id\":\"https:\\\/\\\/muitodoce.com.br\\\/loja\\\/produto\\\/cupcake-wrapper-moranguinho-baby-c-12\\\/#breadcrumb\",\"itemListElement\":[{\"@type\":\"ListItem\",\"position\":1,\"name\":\"In\u00edcio\",\"item\":\"https:\\\/\\\/muitodoce.com.br\\\/loja\\\/\"},{\"@type\":\"ListItem\",\"position\":2,\"name\":\"Loja\",\"item\":\"https:\\\/\\\/muitodoce.com.br\\\/loja\\\/loja\\\/\"},{\"@type\":\"ListItem\",\"position\":3,\"name\":\"Cupcake Wrapper Moranguinho Baby &#8211; 12 Unidades &#8211; Saia\\\/Suporte Com Enfeite\"}]},{\"@type\":\"WebSite\",\"@id\":\"https:\\\/\\\/muitodoce.com.br\\\/loja\\\/#website\",\"url\":\"https:\\\/\\\/muitodoce.com.br\\\/loja\\\/\",\"name\":\"Muito Doce\",\"description\":\"Doces e Artigos para Festas\",\"potentialAction\":[{\"@type\":\"SearchAction\",\"target\":{\"@type\":\"EntryPoint\",\"urlTemplate\":\"https:\\\/\\\/muitodoce.com.br\\\/loja\\\/?s={search_term_string}\"},\"query-input\":{\"@type\":\"PropertyValueSpecification\",\"valueRequired\":true,\"valueName\":\"search_term_string\"}}],\"inLanguage\":\"pt-BR\"}]}<\/script>\n<!-- \/ Yoast SEO plugin. -->","yoast_head_json":{"title":"Cupcake Wrapper Moranguinho Baby - 12 Unidades - Saia\/Suporte Com Enfeite - Muito Doce","robots":{"index":"index","follow":"follow","max-snippet":"max-snippet:-1","max-image-preview":"max-image-preview:large","max-video-preview":"max-video-preview:-1"},"canonical":"https:\/\/muitodoce.com.br\/loja\/produto\/cupcake-wrapper-moranguinho-baby-c-12\/","og_locale":"pt_BR","og_type":"article","og_title":"Cupcake Wrapper Moranguinho Baby - 12 Unidades - Saia\/Suporte Com Enfeite - Muito Doce","og_description":"Leve um toque de fofura para a sua mesa de doces com o Porta Cupcake Moranguinho Baby. Conhecidas tamb\u00e9m como saias de cupcake ou cupcake wrappers, s\u00e3o a escolha perfeita para vestir seus bolinhos e outras guloseimas. Vem com enfeites tema moranguinho para usar com criatividade! Caracter\u00edsticas do Produto: Composi\u00e7\u00e3o: Papel Cart\u00e3o de alta qualidade. [&hellip;]","og_url":"https:\/\/muitodoce.com.br\/loja\/produto\/cupcake-wrapper-moranguinho-baby-c-12\/","og_site_name":"Muito Doce","article_modified_time":"2026-02-10T01:23:13+00:00","og_image":[{"width":1024,"height":1024,"url":"https:\/\/muitodoce.com.br\/loja\/wp-content\/uploads\/2025\/10\/IMAGENS-MORANGUINHO-BABY-11.jpg","type":"image\/jpeg"}],"twitter_card":"summary_large_image","twitter_misc":{"Est. tempo de leitura":"1 minuto"},"schema":{"@context":"https:\/\/schema.org","@graph":[{"@type":"WebPage","@id":"https:\/\/muitodoce.com.br\/loja\/produto\/cupcake-wrapper-moranguinho-baby-c-12\/","url":"https:\/\/muitodoce.com.br\/loja\/produto\/cupcake-wrapper-moranguinho-baby-c-12\/","name":"Cupcake Wrapper Moranguinho Baby - 12 Unidades - Saia\/Suporte Com Enfeite - Muito Doce","isPartOf":{"@id":"https:\/\/muitodoce.com.br\/loja\/#website"},"primaryImageOfPage":{"@id":"https:\/\/muitodoce.com.br\/loja\/produto\/cupcake-wrapper-moranguinho-baby-c-12\/#primaryimage"},"image":{"@id":"https:\/\/muitodoce.com.br\/loja\/produto\/cupcake-wrapper-moranguinho-baby-c-12\/#primaryimage"},"thumbnailUrl":"https:\/\/muitodoce.com.br\/loja\/wp-content\/uploads\/2025\/10\/IMAGENS-MORANGUINHO-BABY-11.jpg","datePublished":"2025-10-21T18:58:31+00:00","dateModified":"2026-02-10T01:23:13+00:00","breadcrumb":{"@id":"https:\/\/muitodoce.com.br\/loja\/produto\/cupcake-wrapper-moranguinho-baby-c-12\/#breadcrumb"},"inLanguage":"pt-BR","potentialAction":[{"@type":"ReadAction","target":["https:\/\/muitodoce.com.br\/loja\/produto\/cupcake-wrapper-moranguinho-baby-c-12\/"]}]},{"@type":"ImageObject","inLanguage":"pt-BR","@id":"https:\/\/muitodoce.com.br\/loja\/produto\/cupcake-wrapper-moranguinho-baby-c-12\/#primaryimage","url":"https:\/\/muitodoce.com.br\/loja\/wp-content\/uploads\/2025\/10\/IMAGENS-MORANGUINHO-BABY-11.jpg","contentUrl":"https:\/\/muitodoce.com.br\/loja\/wp-content\/uploads\/2025\/10\/IMAGENS-MORANGUINHO-BABY-11.jpg","width":1024,"height":1024},{"@type":"BreadcrumbList","@id":"https:\/\/muitodoce.com.br\/loja\/produto\/cupcake-wrapper-moranguinho-baby-c-12\/#breadcrumb","itemListElement":[{"@type":"ListItem","position":1,"name":"In\u00edcio","item":"https:\/\/muitodoce.com.br\/loja\/"},{"@type":"ListItem","position":2,"name":"Loja","item":"https:\/\/muitodoce.com.br\/loja\/loja\/"},{"@type":"ListItem","position":3,"name":"Cupcake Wrapper Moranguinho Baby &#8211; 12 Unidades &#8211; Saia\/Suporte Com Enfeite"}]},{"@type":"WebSite","@id":"https:\/\/muitodoce.com.br\/loja\/#website","url":"https:\/\/muitodoce.com.br\/loja\/","name":"Muito Doce","description":"Doces e Artigos para Festas","potentialAction":[{"@type":"SearchAction","target":{"@type":"EntryPoint","urlTemplate":"https:\/\/muitodoce.com.br\/loja\/?s={search_term_string}"},"query-input":{"@type":"PropertyValueSpecification","valueRequired":true,"valueName":"search_term_string"}}],"inLanguage":"pt-BR"}]}},"_links":{"self":[{"href":"https:\/\/muitodoce.com.br\/loja\/wp-json\/wp\/v2\/product\/2131","targetHints":{"allow":["GET"]}}],"collection":[{"href":"https:\/\/muitodoce.com.br\/loja\/wp-json\/wp\/v2\/product"}],"about":[{"href":"https:\/\/muitodoce.com.br\/loja\/wp-json\/wp\/v2\/types\/product"}],"wp:featuredmedia":[{"embeddable":true,"href":"https:\/\/muitodoce.com.br\/loja\/wp-json\/wp\/v2\/media\/2146"}],"wp:attachment":[{"href":"https:\/\/muitodoce.com.br\/loja\/wp-json\/wp\/v2\/media?parent=2131"}],"wp:term":[{"taxonomy":"product_brand","embeddable":true,"href":"https:\/\/muitodoce.com.br\/loja\/wp-json\/wp\/v2\/product_brand?post=2131"},{"taxonomy":"product_cat","embeddable":true,"href":"https:\/\/muitodoce.com.br\/loja\/wp-json\/wp\/v2\/product_cat?post=2131"},{"taxonomy":"product_tag","embeddable":true,"href":"https:\/\/muitodoce.com.br\/loja\/wp-json\/wp\/v2\/product_tag?post=2131"}],"curies":[{"name":"wp","href":"https:\/\/api.w.org\/{rel}","templated":true}]}}